38 is divided by 31?
28
Let l(a) = a**3 - 5*a**2 + a + 2. Let w be l(5). Let m = 0 - w. Calculate the remainder when 15 is divided by (-2)/m + 216/28.
7
Suppose -7 = 3*y - 259. Calculate the remainder when 40 is divided by (6/18)/(2/y).
12
Let k = 10 + -9. What is the remainder when 34 is divided by -30*(k - (-32)/(-20))?
16
Let h(y) = -y**2 + 7*y + 4. Let x = 4 - -2. Suppose 0*f + 54 = 3*f. What is the remainder when f is divided by h(x)?
8
Suppose 0 = -4*r - 5*x + 140, -103 = -3*r - 5*x + 7. What is the remainder when r is divided by 8?
6
Let z(a) = -a**3 + 4*a**2 - a + 2. Let x be z(3). What is the remainder when 2/x - (-123)/4 is divided by 16?
15
Suppose 0 = -0*j - 5*j. Suppose j = 2*t - 5*l - 13, 5 - 17 = -t - 3*l. Calculate the remainder when 17 is divided by t.
8
Let n be (0 - -2)*1 - -27. Let i = 5 + n. Let h = -21 + i. Calculate the remainder when h is divided by 5.
3
Suppose -356 = -4*d + 4*g, 2*d = -0*d - 5*g + 164. What is the remainder when d is divided by 18?
15
Let s(l) = -5*l + 12. What is the remainder when s(-5) is divided by 10?
7
Suppose 0 = -5*l + l + 5*m + 325, 5*m = 3*l - 245. What is the remainder when l is divided by 9?
8
Let i = 610 + -591. Suppose 2 - 1 = -4*l + c, 4*c - 25 = -5*l. Calculate the remainder when i is divided by l/(-2) - (-30)/4.
5
Let t = 308 + -56. Suppose -90 = 3*a - t. What is the remainder when a is divided by 14?
12
Let h(z) = -z**3 - 16*z**2 + 15*z - 5. Calculate the remainder when h(-17) is divided by 8.
5
Calculate the remainder when 35/2 + (-2)/4 is divided by (30/8)/(-3 + 54/16).
7
Let d = -4 + 4. Suppose d*l = l - 23. What is the remainder when l is divided by 13?
10
Let z = -8 + 44. What is the remainder when z is divided by 13?
10
Suppose -4*s + 7*s + x - 13 = 0, -11 = -4*s + 5*x. Let o(w) = -w**3 + 5*w**2 - w - 2. What is the remainder when 37 is divided by o(s)?
7
Let p = -1 - -6. What is the remainder when 16 is divided by p?
1
Suppose 0 = -2*p + p - 3. Let u(c) = 6*c**2 - c - 3. Calculate the remainder when u(p) is divided by 19.
16
Let m = 38 + -19. Let l(v) = -29*v - 3. What is the remainder when l(-2) is divided by m?
17
Let f(w) = -27*w**2 + 2*w + 1. Let d be f(2). Let v = d - -163. Suppose 3*m = 2*c - 29, c + v = 5*c - 4*m. What is the remainder when 46 is divided by c?
14
Suppose 2*a - b - 11 = 0, -2*b - 5 = -3. Let m(y) = 2*y + 1. Let i be (-2)/(-7) + 40/7. What is the remainder when m(i) is divided by a?
3
Let k(h) = -h**3 - 2*h**2 + h + 4. Let x be k(-2). What is the remainder when (-171)/(-6) - (-3)/x is divided by 11?
8
Let z(h) be the first derivative of 5*h**3/3 - 2*h**2 - 9. What is the remainder when 59 is divided by z(2)?
11
Suppose -4*y = -0*o - 4*o + 16, 3*o = -5*y - 4. Calculate the remainder when o is divided by 1.
0
Let d be (-70)/(-6) - (-6)/18. Let u be (-2)/(-4) + 33/2. Suppose 2*n - d = 6*h - 5*h, -n - 5*h = -u. What is the remainder when n is divided by 3?
1
Let f = 203 - 103. What is the remainder when f is divided by 17?
15
Let b(i) = -6*i + 9. Let a be b(6). Let d be (-75)/a + 4/18. Suppose 0 = 4*h - 3*g - 33, d*h - g - 23 = 3*g. What is the remainder when 16 is divided by h?
7
Suppose -2*d - 376 = -4*b, 0*d + 382 = 4*b + d. What is the remainder when b is divided by 32?
31
Let t = 8 - 7. Suppose 0 = h - 0*i - 4*i - 16, 4*h - 3*i = -t. Calculate the remainder when h + 6 + -3 + 14 is divided by 7.
6
Let i(l) = -4*l + 3. Let b(x) = 3*x - 6. Let s be b(4). Suppose -71 = -h - 4*q - 0, s = 2*q. Calculate the remainder when h is divided by i(-3).
14
Suppose -5*p + 65 = 5*l, 2*p - 5*p = -l + 21. What is the remainder when 44 is divided by l?
14
Suppose -23 = -3*i + 19. Let c(s) = s**2 - 5*s - 2. Let m be c(5). What is the remainder when (15/m)/(6/(-32)) is divided by i?
12
Let q(l) = -2*l**3 + l**2 + 4*l - 4. Let x be q(3). Calculate the remainder when 23 is divided by (-2)/6 - x/3.
11
Let x(d) = -d**2 - 5*d + 1. Let i be x(-4). Suppose i*k = 4 + 1. Let g = 3 - 2. Calculate the remainder when g is divided by k.
0
Suppose -29 = -16*b + 515. What is the remainder when b is divided by 9?
7
Let k(u) = 7*u - 16. Calculate the remainder when 29 is divided by k(5).
10
Suppose o + 3*o - 28 = -4*j, -o + 19 = 5*j. Suppose 3*m = -5*f + 37, -5*m + 2*f = -m - 6. What is the remainder when m is divided by j?
1
Let f be (12/10)/(7/(-35)). Calculate the remainder when (-3)/f - (-37)/2 is divided by 10.
9
Suppose u - 165 + 52 = 0. Suppose -3*t = -3*v - 7*t + u, 2*t = -2*v + 72. What is the remainder when v is divided by 8?
7
Let s(b) = -b + 9. Let q be s(4). Suppose r - 11 = -4*g, -g + 2*g + r = q. Suppose -v = -0 - 1. Calculate the remainder when g is divided by v.
0
Let y be (1 - 3/2)*-2. Let t = y - -6. Calculate the remainder when 13 is divided by t.
6
Let g(h) = -h**3 + h + 1. Let n(b) = b**3 - 11*b**2 - 15. Let k(s) = -2*g(s) - n(s). Calculate the remainder when k(-11) is divided by (-4)/14 + (-65)/(-7).
8
Suppose -4*i - 46 = 286. Let q = 148 + i. Calculate the remainder when q is divided by 22.
21
Suppose k - 10 = -4*k. Suppose -3*m + 50 = k*m. Calculate the remainder when 37 is divided by m.
7
Let z(q) = q - 6. Let a be z(0). Let c(l) = -l - 2. Let r be c(a). Calculate the remainder when 3 is divided by (-2)/(-5)*(r - -1).
1
Suppose 0*g + g = 3. Let o(p) = g*p + 4 + 3 - p - 3. What is the remainder when o(4) is divided by 7?
5
Let d(p) = -p**2 + 14*p - 8. What is the remainder when 160 is divided by d(7)?
37
Suppose -4*f - 30 = -o, 2*f - 34 = -2*o - o. Calculate the remainder when 68 is divided by o.
12
Suppose 0 = 5*v + 1 + 14. Let i = 87 + -40. What is the remainder when i is divided by (16/(-3))/(1/v)?
15
Let w = -8 + 14. Let z(s) = 2*s**2 + 27*s + 9. What is the remainder when z(-14) is divided by w?
5
Suppose -19 = -5*c + 6. Calculate the remainder when 7 is divided by c.
2
Let p = 10 - 13. What is the remainder when (-6)/2 + (p - -13) is divided by 4?
3
Let i = -28 + 53. Suppose -2*g + i = 3*g. Calculate the remainder when g is divided by 4.
1
Let y(v) be the first derivative of -v**3/3 + 11*v**2/2 + 3*v + 3. What is the remainder when 53 is divided by y(8)?
26
Suppose -31 = -0*z - z. Let f = 10 - z. Let u = f - -36. What is the remainder when 57 is divided by u?
12
Suppose 4*a + 0*a + 165 = n, -4*n = 2*a - 606. What is the remainder when n is divided by 39?
36
Let u = -67 + 74. Calculate the remainder when 10 - (-1 + (0 - -1)) is divided by u.
3
Suppose -d - 8 = 3*d. Calculate the remainder when 62 - (0/(-2) - 0) is divided by ((-6)/(-9))/(d/(-63)).
20
Let w(n) = n**3 + 2*n**2 - 2*n + 2. Calculate the remainder when 54 is divided by w(2).
12
Suppose 3*k - 4*k + 7 = 0. Suppose -o + k = u, -o - 2*u - u - 3 = 0. Calculate the remainder when 23 is divided by o.
11
Let c(u) = -u**2 - 7*u + 4. Calculate the remainder when 17 is divided by c(-6).
7
Let y(i) be the first derivative of 2*i**3/3 + 3*i**2/2 - 3*i - 3. What is the remainder when 32 is divided by y(-4)?
15
Let h = -7 + 11. Suppose -h*f = -5*f + 33. Suppose 5*n = 6*n - 17. Calculate the remainder when f is divided by n.
16
Let y be (-34)/(-8) - 6/(-8). Suppose 2*l = -2*x + y*x - 47, -5*x + 57 = 2*l. Suppose -f - 3 = -x. Calculate the remainder when 29 is divided by f.
9
Suppose 55 = -0*h + 5*h - 5*w, -2*h + 12 = 3*w. What is the remainder when h is divided by 9 + 3 + -3*2?
3
Suppose 0 = b - 4*l - 25, -2*l + 19 = 4*b - b. Let p(k) = 5*k**2 + 4*k + 3. What is the remainder when p(-2) is divided by b?
6
Let o be 8/1 + 2 + -2. Let p = -6 + o. Suppose 0 = 7*g - 3*g + p*c - 52, -g - 3*c = -3. What is the remainder when 43 is divided by g?
13
Let b = 2 + -2. Suppose 0 = -5*p - b*p + 65. Calculate the remainder when 25 is divided by p.
12
What is the remainder when 64 is divided by (25/(-4) - -2)*-4?
13
Let l be (-6)/(-15) + 3/5. Let s be l*6 + (5 - 4). Suppose -4*t = -s*y + 3*y - 12, 0 = -5*t + y + 11. Calculate the remainder when 4 is divided by t.
0
Let l = 18 - -18. Suppose 0 = 4*a - 7*a - l. What is the remainder when a/3*(-6)/4 is divided by 3?
0
Suppose -2*m + 12 - 2 = 0. Let f = m + 5. Suppose -5*p + p + 72 = 0. What is the remainder when p is divided by f?
8
Calculate the remainder when 564/8 + (-2 - 9/(-6)) is divided by 16.
6
Suppose 0 = 3*y - 25 + 1. Calculate the remainder when y is divided by 16/6 + 1